[INFO] cloning repository https://github.com/soldefierro/orchestralc
[INFO] running `Command { std: "git" "-c" "credential.helper=" "-c" "credential.helper=/workspace/cargo-home/bin/git-credential-null" "clone" "--bare" "https://github.com/soldefierro/orchestralc" "/workspace/cache/git-repos/https%3A%2F%2Fgithub.com%2Fsoldefierro%2Forchestralc", kill_on_drop: false }`
[INFO] [stderr] Cloning into bare repository '/workspace/cache/git-repos/https%3A%2F%2Fgithub.com%2Fsoldefierro%2Forchestralc'...
[INFO] running `Command { std: "git" "rev-parse" "HEAD", kill_on_drop: false }`
[INFO] [stdout] 026ffe87701ebe1f71bb01d130806f1421147c15
[INFO] checking soldefierro/orchestralc against try#72f88fc4e9458f89516a0b8b0868f3718aec5b47 for pr-74989
[INFO] running `Command { std: "git" "clone" "/workspace/cache/git-repos/https%3A%2F%2Fgithub.com%2Fsoldefierro%2Forchestralc" "/workspace/builds/worker-4/source", kill_on_drop: false }`
[INFO] [stderr] Cloning into '/workspace/builds/worker-4/source'...
[INFO] [stderr] done.
[INFO] validating manifest of git repo https://github.com/soldefierro/orchestralc on toolchain 72f88fc4e9458f89516a0b8b0868f3718aec5b47
[INFO] running `Command { std: "/workspace/cargo-home/bin/cargo" "+72f88fc4e9458f89516a0b8b0868f3718aec5b47" "read-manifest" "--manifest-path" "Cargo.toml", kill_on_drop: false }`
[INFO] started tweaking git repo https://github.com/soldefierro/orchestralc
[INFO] finished tweaking git repo https://github.com/soldefierro/orchestralc
[INFO] tweaked toml for git repo https://github.com/soldefierro/orchestralc written to /workspace/builds/worker-4/source/Cargo.toml
[INFO] crate git repo https://github.com/soldefierro/orchestralc already has a lockfile, it will not be regenerated
[INFO] running `Command { std: "/workspace/cargo-home/bin/cargo" "+72f88fc4e9458f89516a0b8b0868f3718aec5b47" "fetch" "--locked" "--manifest-path" "Cargo.toml", kill_on_drop: false }`
[INFO] [stderr]     Blocking waiting for file lock on package cache
[INFO] [stderr]     Blocking waiting for file lock on package cache
[INFO] [stderr]  Downloading crates ...
[INFO] [stderr]   Downloaded redox_syscall v0.1.50
[INFO] [stderr]   Downloaded libc v0.2.46
[INFO] running `Command { std: "docker" "create" "-v" "/var/lib/crater-agent-workspace/builds/worker-4/target:/opt/rustwide/target:rw,Z" "-v" "/var/lib/crater-agent-workspace/builds/worker-4/source:/opt/rustwide/workdir:ro,Z" "-v" "/var/lib/crater-agent-workspace/cargo-home:/opt/rustwide/cargo-home:ro,Z" "-v" "/var/lib/crater-agent-workspace/rustup-home:/opt/rustwide/rustup-home:ro,Z" "-e" "SOURCE_DIR=/opt/rustwide/workdir" "-e" "CARGO_TARGET_DIR=/opt/rustwide/target" "-e" "CARGO_HOME=/opt/rustwide/cargo-home" "-e" "RUSTUP_HOME=/opt/rustwide/rustup-home" "-w" "/opt/rustwide/workdir" "-m" "1610612736" "--user" "0:0" "--network" "none" "rustops/crates-build-env@sha256:d92eaeed33fa75130ca1ee6c8a01d1ffb62bac859dfdfb3450e3e5d1c0146529" "/opt/rustwide/cargo-home/bin/cargo" "+72f88fc4e9458f89516a0b8b0868f3718aec5b47" "metadata" "--no-deps" "--format-version=1", kill_on_drop: false }`
[INFO] [stdout] f51cd0254259b65ff63837ad49f9bac384d86c15eff058ffba084bc61141df1a
[INFO] [stderr] WARNING: Your kernel does not support swap limit capabilities or the cgroup is not mounted. Memory limited without swap.
[INFO] running `Command { std: "docker" "start" "-a" "f51cd0254259b65ff63837ad49f9bac384d86c15eff058ffba084bc61141df1a", kill_on_drop: false }`
[INFO] running `Command { std: "docker" "inspect" "f51cd0254259b65ff63837ad49f9bac384d86c15eff058ffba084bc61141df1a", kill_on_drop: false }`
[INFO] running `Command { std: "docker" "rm" "-f" "f51cd0254259b65ff63837ad49f9bac384d86c15eff058ffba084bc61141df1a", kill_on_drop: false }`
[INFO] [stdout] f51cd0254259b65ff63837ad49f9bac384d86c15eff058ffba084bc61141df1a
[INFO] running `Command { std: "docker" "create" "-v" "/var/lib/crater-agent-workspace/builds/worker-4/target:/opt/rustwide/target:rw,Z" "-v" "/var/lib/crater-agent-workspace/builds/worker-4/source:/opt/rustwide/workdir:ro,Z" "-v" "/var/lib/crater-agent-workspace/cargo-home:/opt/rustwide/cargo-home:ro,Z" "-v" "/var/lib/crater-agent-workspace/rustup-home:/opt/rustwide/rustup-home:ro,Z" "-e" "SOURCE_DIR=/opt/rustwide/workdir" "-e" "CARGO_TARGET_DIR=/opt/rustwide/target" "-e" "CARGO_INCREMENTAL=0" "-e" "RUST_BACKTRACE=full" "-e" "RUSTFLAGS=--cap-lints=forbid" "-e" "CARGO_HOME=/opt/rustwide/cargo-home" "-e" "RUSTUP_HOME=/opt/rustwide/rustup-home" "-w" "/opt/rustwide/workdir" "-m" "1610612736" "--user" "0:0" "--network" "none" "rustops/crates-build-env@sha256:d92eaeed33fa75130ca1ee6c8a01d1ffb62bac859dfdfb3450e3e5d1c0146529" "/opt/rustwide/cargo-home/bin/cargo" "+72f88fc4e9458f89516a0b8b0868f3718aec5b47" "check" "--frozen" "--all" "--all-targets" "--message-format=json", kill_on_drop: false }`
[INFO] [stdout] ce87894ae37caaaa5ebe0bbadecaf99a8bec8455b8f0fdec98a5aabd09239ec7
[INFO] [stderr] WARNING: Your kernel does not support swap limit capabilities or the cgroup is not mounted. Memory limited without swap.
[INFO] running `Command { std: "docker" "start" "-a" "ce87894ae37caaaa5ebe0bbadecaf99a8bec8455b8f0fdec98a5aabd09239ec7", kill_on_drop: false }`
[INFO] [stderr]    Compiling libc v0.2.46
[INFO] [stderr]     Checking atty v0.2.11
[INFO] [stderr]     Checking clap v2.32.0
[INFO] [stderr]     Checking orchestralc v0.1.0 (/opt/rustwide/workdir)
[INFO] [stdout] error[E0583]: file not found for module `parameters`
[INFO] [stdout]  --> src/compile.rs:1:1
[INFO] [stdout]   |
[INFO] [stdout] 1 | mod parameters;
[INFO] [stdout]   | ^^^^^^^^^^^^^^^
[INFO] [stdout]   |
[INFO] [stdout]   = help: to create the module `parameters`, create file "src/compile/parameters.rs"
[INFO] [stdout] 
[INFO] [stdout] 
[INFO] [stdout] error[E0583]: file not found for module `parameters`
[INFO] [stdout]  --> src/compile.rs:1:1
[INFO] [stdout]   |
[INFO] [stdout] 1 | mod parameters;
[INFO] [stdout]   | ^^^^^^^^^^^^^^^
[INFO] [stdout]   |
[INFO] [stdout]   = help: to create the module `parameters`, create file "src/compile/parameters.rs"
[INFO] [stdout] 
[INFO] [stdout] 
[INFO] [stdout] error[E0433]: failed to resolve: use of undeclared type or module `Parameters`
[INFO] [stdout]  --> src/compile.rs:6:19
[INFO] [stdout]   |
[INFO] [stdout] 6 |     let params: &[Parameters::Parameter] = Parameters::build_parameters_index();
[INFO] [stdout]   |                   ^^^^^^^^^^ use of undeclared type or module `Parameters`
[INFO] [stdout] 
[INFO] [stdout] 
[INFO] [stdout] error[E0433]: failed to resolve: use of undeclared type or module `Parameters`
[INFO] [stdout]  --> src/compile.rs:6:19
[INFO] [stdout]   |
[INFO] [stdout] 6 |     let params: &[Parameters::Parameter] = Parameters::build_parameters_index();
[INFO] [stdout]   |                   ^^^^^^^^^^ use of undeclared type or module `Parameters`
[INFO] [stdout] 
[INFO] [stdout] 
[INFO] [stdout] error[E0433]: failed to resolve: use of undeclared type or module `Parameters`
[INFO] [stdout]  --> src/compile.rs:6:44
[INFO] [stdout]   |
[INFO] [stdout] 6 |     let params: &[Parameters::Parameter] = Parameters::build_parameters_index();
[INFO] [stdout]   |                                            ^^^^^^^^^^ use of undeclared type or module `Parameters`
[INFO] [stdout] 
[INFO] [stdout] 
[INFO] [stdout] error[E0433]: failed to resolve: use of undeclared type or module `Parameters`
[INFO] [stdout]  --> src/compile.rs:6:44
[INFO] [stdout]   |
[INFO] [stdout] 6 |     let params: &[Parameters::Parameter] = Parameters::build_parameters_index();
[INFO] [stdout]   |                                            ^^^^^^^^^^ use of undeclared type or module `Parameters`
[INFO] [stdout] 
[INFO] [stdout] 
[INFO] [stdout] error[E0308]: mismatched types
[INFO] [stdout]  --> src/compile.rs:3:69
[INFO] [stdout]   |
[INFO] [stdout] 3 | fn compile(file_name_truncated: String, template_source: String) -> Option<String> {
[INFO] [stdout]   |    -------                                                          ^^^^^^^^^^^^^^ expected enum `Option`, found `()`
[INFO] [stdout]   |    |
[INFO] [stdout]   |    implicitly returns `()` as its body has no tail or `return` expression
[INFO] [stdout]   |
[INFO] [stdout]   = note:   expected enum `Option<String>`
[INFO] [stdout]           found unit type `()`
[INFO] [stdout] 
[INFO] [stdout] 
[INFO] [stdout] error: aborting due to 4 previous errors
[INFO] [stdout] 
[INFO] [stdout] 
[INFO] [stdout] Some errors have detailed explanations: E0308, E0433, E0583.
[INFO] [stdout] 
[INFO] [stdout] For more information about an error, try `rustc --explain E0308`.
[INFO] [stdout] 
[INFO] [stderr] error: could not compile `orchestralc`.
[INFO] [stderr] 
[INFO] [stderr] To learn more, run the command again with --verbose.
[INFO] [stderr] warning: build failed, waiting for other jobs to finish...
[INFO] [stdout] error[E0308]: mismatched types
[INFO] [stdout]  --> src/compile.rs:3:69
[INFO] [stdout]   |
[INFO] [stdout] 3 | fn compile(file_name_truncated: String, template_source: String) -> Option<String> {
[INFO] [stdout]   |    -------                                                          ^^^^^^^^^^^^^^ expected enum `Option`, found `()`
[INFO] [stdout]   |    |
[INFO] [stdout]   |    implicitly returns `()` as its body has no tail or `return` expression
[INFO] [stdout]   |
[INFO] [stdout]   = note:   expected enum `Option<String>`
[INFO] [stdout]           found unit type `()`
[INFO] [stdout] 
[INFO] [stdout] 
[INFO] [stdout] error: aborting due to 4 previous errors
[INFO] [stdout] 
[INFO] [stdout] 
[INFO] [stdout] Some errors have detailed explanations: E0308, E0433, E0583.
[INFO] [stdout] 
[INFO] [stdout] For more information about an error, try `rustc --explain E0308`.
[INFO] [stdout] 
[INFO] [stderr] error: build failed
[INFO] running `Command { std: "docker" "inspect" "ce87894ae37caaaa5ebe0bbadecaf99a8bec8455b8f0fdec98a5aabd09239ec7", kill_on_drop: false }`
[INFO] running `Command { std: "docker" "rm" "-f" "ce87894ae37caaaa5ebe0bbadecaf99a8bec8455b8f0fdec98a5aabd09239ec7", kill_on_drop: false }`
[INFO] [stdout] ce87894ae37caaaa5ebe0bbadecaf99a8bec8455b8f0fdec98a5aabd09239ec7
